 9) to base 3
10
Convert -4 (base 5) to base 8.
-4
What is 112 (base 3) in base 5?
24
What is -32 (base 15) in base 4?
-233
What is -23 (base 13) in base 12?
-25
Convert -14 (base 15) to base 10.
-19
Convert -5 (base 9) to base 6.
-5
What is 40 (base 8) in base 15?
22
What is -13 (base 6) in base 5?
-14
Convert 25 (base 8) to base 14.
17
22 (base 10) to base 3
211
Convert 12 (base 4) to base 8.
6
Convert 112 (base 3) to base 6.
22
102 (base 16) to base 7
516
What is 132 (base 6) in base 11?
51
Convert -22 (base 12) to base 4.
-122
What is -1 (base 15) in base 10?
-1
-10000 (base 3) to base 8
-121
Convert 6 (base 12) to base 4.
12
Convert 111 (base 9) to base 15.
61
-4 (base 9) to base 14
-4
Convert 74 (base 11) to base 14.
5b
Convert 100111 (base 3) to base 12.
194
What is 1 (base 2) in base 15?
1
-11 (base 12) to base 6
-21
What is -2 (base 4) in base 2?
-10
Convert -39 (base 12) to base 5.
-140
Convert -10 (base 5) to base 6.
-5
Convert -2 (base 4) to base 12.
-2
a5 (base 15) to base 2
10011011
What is 4 (base 12) in base 4?
10
-1 (base 8) to base 16
-1
What is -4 (base 9) in base 10?
-4
-1010101 (base 2) to base 14
-61
1 (base 13) to base 6
1
Convert -29 (base 16) to base 8.
-51
Convert -51 (base 9) to base 11.
-42
What is -145 (base 12) in base 15?
-d2
What is 532 (base 7) in base 2?
100001100
-1 (base 6) to base 10
-1
Convert 32 (base 6) to base 14.
16
-452 (base 6) to base 8
-260
-1b (base 15) to base 11
-24
-31 (base 12) to base 3
-1101
-1 (base 16) to base 3
-1
2 (base 4) to base 9
2
3 (base 14) to base 10
3
Convert 8 (base 9) to base 16.
8
Convert 96 (base 13) to base 11.
102
What is -4 (base 15) in base 11?
-4
What is -23 (base 4) in base 5?
-21
b1 (base 16) to base 9
216
2 (base 9) to base 15
2
What is 0 (base 5) in base 16?
0
What is 20 (base 14) in base 8?
34
-6 (base 14) to base 6
-10
What is -1a (base 11) in base 12?
-19
Convert 3 (base 8) to base 11.
3
-41 (base 9) to base 6
-101
Convert 23 (base 6) to base 5.
30
-3 (base 6) to base 13
-3
Convert 20 (base 7) to base 6.
22
-1 (base 14) to base 5
-1
Convert 2 (base 6) to base 15.
2
Convert -2 (base 6) to base 9.
-2
Convert -3 (base 9) to base 5.
-3
Convert -154 (base 6) to base 5.
-240
What is -2d (base 14) in base 15?
-2b
4a (base 11) to base 10
54
-135 (base 7) to base 11
-69
Convert -1330 (base 5) to base 2.
-11010111
0 (base 11) to base 7
0
What is -12 (base 7) in base 4?
-21
-11 (base 2) to base 3
-10
What is c (base 16) in base 12?
10
What is -69 (base 12) in base 15?
-56
1 (base 4) to base 3
1
Convert -4 (base 6) to base 9.
-4
What is 4 (base 15) in base 5?
4
-1010 (base 3) to base 2
-11110
20 (base 5) to base 14
a
13 (base 13) to base 15
11
-1040 (base 5) to base 9
-171
What is 11 (base 7) in base 14?
8
What is -110 (base 14) in base 7?
-420
Convert -3 (base 6) to base 5.
-3
-2 (base 12) to base 10
-2
What is 0 (base 5) in base 12?
0
-b (base 12) to base 16
-b
What is -41 (base 5) in base 11?
-1a
Convert 22 (base 10) to base 8.
26
Convert 1 (base 7) to base 2.
1
-10 (base 5) to base 7
-5
Convert -10 (base 2) to base 9.
-2
-193 (base 12) to base 5
-2010
Convert 1040 (base 5) to base 8.
221
Convert -121 (base 8) to base 4.
-1101
What is 3 (base 15) in base 12?
3
-2 (base 5) to base 6
-2
1 (base 15) to base 2
1
Convert 3 (base 13) to base 5.
3
Convert 20 (base 7) to base 3.
112
Convert -6 (base 14) to base 15.
-6
What is 1220 (base 3) in base 4?
303
Convert -100111 (base 2) to base 12.
-33
What is -7 (base 12) in base 14?
-7
What is -5 (base 12) in base 16?
-5
43 (base 12) to base 6
123
Convert -313 (base 7) to base 13.
-c1
Convert -24 (base 5) to base 8.
-16
Convert 2 (base 7) to base 2.
10
What is 2 (base 3) in base 9?
2
What is 46 (base 7) in base 11?
31
Convert 10c (base 14) to base 13.
130
Convert -2 (base 10) to base 15.
-2
1 (base 14) to base 2
1
231 (base 7) to base 3
11110
Convert 1 (base 5) to base 10.
1
Convert -111 (base 4) to base 15.
-16
What is -147 (base 9) in base 5?
-444
13 (base 10) to base 13
10
Convert -3 (base 9) to base 13.
-3
What is 100 (base 2) in base 15?
4
Convert 2 (base 4) to base 14.
2
0 (base 10) to base 7
0
What is -1100 (base 2) in base 9?
-13
What is 1 (base 2) in base 15?
1
Convert -1 (base 9) to base 3.
-1
Convert -342 (base 8) to base 14.
-122
6 (base 8) to base 14
6
Convert 3 (base 11) to base 10.
3
116 (base 8) to base 13
60
Convert -14 (base 15) to base 13.
-16
-62 (base 10) to base 11
-57
What is -8 (base 12) in base 11?
-8
What is -2212 (base 3) in base 15?
-52
What is b (base 15) in base 10?
11
-215 (base 9) to base 13
-107
2 (base 8) to base 4
2
What is -2 (base 5) in base 15?
-2
Convert -91 (base 10) to base 7.
-160
Convert -22 (base 4) to base 2.
-1010
What is 7 (base 9) in base 10?
7
What is 10333 (base 4) in base 16?
13f
What is -2121 (base 3) in base 9?
-77
Convert -1 (base 15) to base 9.
-1
What is 0 (base 10) in base 8?
0
2001 (base 3) to base 13
43
What is -9 (base 16) in base 9?
-10
-1 (base 13) to base 12
-1
Convert -4 (base 11) to base 4.
-10
Convert 4 (base 14) to base 2.
100
Convert -50 (base 14) to base 2.
-1000110
Convert 0 (base 16) to base 10.
0
What is 21 (base 5) in base 14?
b
1 (base 6) to base 13
1
-2 (base 15) to base 10
-2
-130 (base 8) to base 6
-224
What is 12 (base 9) in base 12?
b
What is 2 (base 13) in base 9?
2
Convert 11 (base 9) to base 15.
a
Convert -276 (base 8) to base 9.
-231
Convert -2d (base 16) to base 14.
-33
-10011 (base 2) to base 14
-15
Convert -4c (base 15) to base 12.
-60
What is 404 (base 6) in base 15?
9d
What is -21 (base 12) in base 6?
-41
Convert -2 (base 12) to base 6.
-2
Convert 2 (base 10) to base 3.
2
What is 3 (base 10) in base 12?
3
-3 (base 9) to base 4
-3
What is 41 (base 11) in base 10?
45
0 (base 8) to base 5
0
-23 (base 13) to base 7
-41
Convert 2 (base 15) to base 13.
2
Convert -6 (base 7) to base 16.
-6
Convert 72 (base 16) to base 2.
1110010
What is -c0 (base 13) in base 15?
-a6
Convert 101 (base 2) to base 6.
5
Convert 4 (base 11) to base 8.
4
What is 1123 (base 5) in base 11?
139
Convert 11 (base 2) to base 13.
3
Convert -2112 (base 3) to base 14.
-4c
Convert -1 (base 6) to base 16.
-1
Convert 100 (base 3) to base 14.
9
Convert 3 (base 10) to base 13.
3
11 (base 9) to base 15
a
Convert -5 (base 7) to base 16.
-5
What is -79 (base 11) in base 14?
-62
Convert 11 (base 5) to base 14.
6
What is 2 (base 16) in base 2?
10
What is -51 (base 6) in base 12?
-27
Convert -31 (base 4) to base 12.
-11
What is 11110 (base 2) in base 15?
20
-4 (base 8) to base 16
-4
5 (base 15) to base 4
11
What is -100000 (base 2) in base 8?
-40
-1 (base 5) to base 4
-1
What is -a (base 11) in base 5?
-20
What is 100 (base 8) in base 2?
1000000
Convert 4 (base 13) to base 10.
4
What is -11 (base 5) in base 13?
-6
What is -c6 (base 14) in base 6?
-450
10 (base 4) to base 15
4
3 (base 11) to base 6
3
7 (base 9) to base 6
11
Convert -6 (base 16) to base 11.
-6
Convert -113 (base 7) to base 12.
-4b
What is -2 (base 11) in base 7?
-2
-206 (base 12) to base 14
-170
What is 1 (base 2) in base 10?
1
Convert -1 (base 6) to base 12.
-1
-4 (base 6) to base 12
-4
-464 (base 9) to base 10
-382
Convert 3 (base 5) to base 14.
3
What is 311 (base 4) in base 16?
35
23 (base 4) to base 7
14
What is 115 (base 11) in base 5?
1022
What is 411 (base 7) in base 6?
540
Convert 2 (base 12) to base 11.
2
Convert -17 (base 13) to base 16.
-14
-7 (base 13) to base 7
-10
31 (base 4) to base 10
13
Convert -26 (base 16) to base 14.
-2a
110 (base 2) to base 8
6
34 (base 5) to base 9
21
What is -2 (base 5) in base 2?
-10
Convert -10 (base 2) to base 10.
-2
Convert 33 (base 16) to base 8.
63
-2 (base 10) to base 8
-2
What is -3 (base 6) in base 4?
-3
What is -43 (base 11) in base 5?
-142
16 (base 7) to base 6
21
Convert -332 (base 8) to base 6.
-1002
What is -14 (base 13) in base 3?
-122
6 (base 8) to base 2
110
-10 (base 10) to base 9
-11
What is 1001 (base 3) in base 11?
26
What is 48 (base 16) in base 15?
4c
What is 231 (base 6) in base 8?
133
2 (base 4) to base 2
10
0 (base 2) to base 11
0
What is -101010 (base 2) in base 13?
-33
Convert -66 (base 11) to base 14.
-52
10 (base 3) to base 14
3
Convert 0 (base 4) to base 12.
0
-110 (base 2) to base 14
-6
What is -22 (base 4) in base 7?
-13
What is -31 (base 15) in base 14?
-